{"id":5262,"date":"2023-09-12T16:08:11","date_gmt":"2023-09-12T14:08:11","guid":{"rendered":"https:\/\/www.geodaesie-sachsen.de\/?page_id=5262"},"modified":"2025-12-22T17:03:09","modified_gmt":"2025-12-22T16:03:09","slug":"beamtenausbildung","status":"publish","type":"page","link":"https:\/\/www.geodaesie-sachsen.de\/?page_id=5262","title":{"rendered":"Beamtenausbildung"},"content":{"rendered":"\t\t<div data-elementor-type=\"wp-page\" data-elementor-id=\"5262\" class=\"elementor elementor-5262\" data-elementor-post-type=\"page\">\n\t\t\t\t<div class=\"elementor-element elementor-element-5223d52 e-flex e-con-boxed e-con e-parent\" data-id=\"5223d52\" data-element_type=\"container\" data-e-type=\"container\">\n\t\t\t\t\t<div class=\"e-con-inner\">\n\t\t<div class=\"elementor-element elementor-element-fed9ada e-con-full e-flex e-con e-child\" data-id=\"fed9ada\" data-element_type=\"container\" data-e-type=\"container\">\n\t\t\t\t<div class=\"elementor-element elementor-element-21eb12c elementor-widget elementor-widget-heading\" data-id=\"21eb12c\" data-element_type=\"widget\" data-e-type=\"widget\" data-widget_type=\"heading.default\">\n\t\t\t\t<div class=\"elementor-widget-container\">\n\t\t\t\t\t<h1 class=\"elementor-heading-title elementor-size-default\">Beamt:innen&shy;ausbildung.<\/h1>\t\t\t\t<\/div>\n\t\t\t\t<\/div>\n\t\t\t\t<\/div>\n\t\t\t\t\t<\/div>\n\t\t\t\t<\/div>\n\t\t<div class=\"elementor-element elementor-element-031899d e-flex e-con-boxed e-con e-parent\" data-id=\"031899d\" data-element_type=\"container\" data-e-type=\"container\">\n\t\t\t\t\t<div class=\"e-con-inner\">\n\t\t<div class=\"elementor-element elementor-element-bb36c3f e-con-full e-flex e-con e-child\" data-id=\"bb36c3f\" data-element_type=\"container\" data-e-type=\"container\">\n\t\t\t\t<div class=\"elementor-element elementor-element-0d39b7b elementor-widget elementor-widget-text-editor\" data-id=\"0d39b7b\" data-element_type=\"widget\" data-e-type=\"widget\" data-widget_type=\"text-editor.default\">\n\t\t\t\t<div class=\"elementor-widget-container\">\n\t\t\t\t\t\t\t\t\t<p>Die Laufbahnausbildung f\u00fcr Geod\u00e4t:innen ist dein Karrieresprungbrett: Hast du schon einen Bachelor- oder Masterabschluss und m\u00f6chtest deine Karriere auf die n\u00e4chste Stufe bringen? Mit einer Beamt:innenausbildung er\u00f6ffnest du dir nicht nur spannende berufliche M\u00f6glichkeiten, sondern auch die Chance auf eine sichere und trotzdem abwechslungsreiche Zukunft. In Sachsen bietet das GeoSN diese Laufbahnausbildung exklusiv an \u2013 und zwar in zwei Varianten: f\u00fcr Bachelor- und Masterabsolvent:innen.<\/p>\t\t\t\t\t\t\t\t<\/div>\n\t\t\t\t<\/div>\n\t\t\t\t<div class=\"elementor-element elementor-element-aa4de49 elementor-widget elementor-widget-heading\" data-id=\"aa4de49\" data-element_type=\"widget\" data-e-type=\"widget\" data-widget_type=\"heading.default\">\n\t\t\t\t<div class=\"elementor-widget-container\">\n\t\t\t\t\t<h5 class=\"elementor-heading-title elementor-size-default\">Beamt:innenausbildung mit bereits vorhandenem Bachelorabschluss.<\/h5>\t\t\t\t<\/div>\n\t\t\t\t<\/div>\n\t\t\t\t<div class=\"elementor-element elementor-element-ed6976c elementor-widget elementor-widget-text-editor\" data-id=\"ed6976c\" data-element_type=\"widget\" data-e-type=\"widget\" data-widget_type=\"text-editor.default\">\n\t\t\t\t<div class=\"elementor-widget-container\">\n\t\t\t\t\t\t\t\t\t<div class=\"et_pb_module et_pb_text et_pb_text_0 et_pb_text_align_left et_pb_bg_layout_light\"><div class=\"et_pb_text_inner\">Wenn du ein abgeschlossenes Bachelorstudium in Vermessung hast, kannst du die Beamt:innenausbildung zum\/zur Oberinspektoranw\u00e4rter:in\u00a0 beginnen. Innerhalb von 18 Monaten wirst du f\u00fcr verantwortungsvolle Aufgaben im \u00f6ffentlichen Sektor fit gemacht. Dabei lernst du alles, was du f\u00fcr hoheitliche Aufgaben brauchst, wie die Sicherung von Eigentum oder die Arbeit im Liegenschaftskataster.<\/div><\/div>\t\t\t\t\t\t\t\t<\/div>\n\t\t\t\t<\/div>\n\t\t\t\t<div class=\"elementor-element elementor-element-a3a339f elementor-icon-list--layout-traditional elementor-list-item-link-full_width elementor-widget elementor-widget-icon-list\" data-id=\"a3a339f\" data-element_type=\"widget\" data-e-type=\"widget\" data-widget_type=\"icon-list.default\">\n\t\t\t\t<div class=\"elementor-widget-container\">\n\t\t\t\t\t\t\t<ul class=\"elementor-icon-list-items\">\n\t\t\t\t\t\t\t<li class=\"elementor-icon-list-item\">\n\t\t\t\t\t\t\t\t\t\t<span class=\"elementor-icon-list-text\"><strong>Diese Aufgabenbereiche erwarten dich:<\/strong><\/span>\n\t\t\t\t\t\t\t\t\t<\/li>\n\t\t\t\t\t\t\t\t<li class=\"elementor-icon-list-item\">\n\t\t\t\t\t\t\t\t\t\t\t<span class=\"elementor-icon-list-icon\">\n\t\t\t\t\t\t\t<svg xmlns=\"http:\/\/www.w3.org\/2000\/svg\" width=\"24\" height=\"28\" viewBox=\"0 0 24 28\"><path id=\"Polygon_21\" data-name=\"Polygon 21\" d=\"M14,0,28,24H0Z\" transform=\"translate(24) rotate(90)\"><\/path><\/svg>\t\t\t\t\t\t<\/span>\n\t\t\t\t\t\t\t\t\t\t<span class=\"elementor-icon-list-text\">das eigenst\u00e4ndige Arbeiten im vermessungstechnischen Innen- und Au\u00dfendienst<\/span>\n\t\t\t\t\t\t\t\t\t<\/li>\n\t\t\t\t\t\t\t\t<li class=\"elementor-icon-list-item\">\n\t\t\t\t\t\t\t\t\t\t\t<span class=\"elementor-icon-list-icon\">\n\t\t\t\t\t\t\t<svg xmlns=\"http:\/\/www.w3.org\/2000\/svg\" width=\"24\" height=\"28\" viewBox=\"0 0 24 28\"><path id=\"Polygon_21\" data-name=\"Polygon 21\" d=\"M14,0,28,24H0Z\" transform=\"translate(24) rotate(90)\"><\/path><\/svg>\t\t\t\t\t\t<\/span>\n\t\t\t\t\t\t\t\t\t\t<span class=\"elementor-icon-list-text\">die Durchf\u00fchrung von Bodenordnungsverfahren wie Flurbereinigungen und Baulandumlegungen<\/span>\n\t\t\t\t\t\t\t\t\t<\/li>\n\t\t\t\t\t\t\t\t<li class=\"elementor-icon-list-item\">\n\t\t\t\t\t\t\t\t\t\t\t<span class=\"elementor-icon-list-icon\">\n\t\t\t\t\t\t\t<svg xmlns=\"http:\/\/www.w3.org\/2000\/svg\" width=\"24\" height=\"28\" viewBox=\"0 0 24 28\"><path id=\"Polygon_21\" data-name=\"Polygon 21\" d=\"M14,0,28,24H0Z\" transform=\"translate(24) rotate(90)\"><\/path><\/svg>\t\t\t\t\t\t<\/span>\n\t\t\t\t\t\t\t\t\t\t<span class=\"elementor-icon-list-text\">die Mitwirkung an der Erhebung, F\u00fchrung und Bereitstellung von Geobasisdaten<\/span>\n\t\t\t\t\t\t\t\t\t<\/li>\n\t\t\t\t\t\t\t\t<li class=\"elementor-icon-list-item\">\n\t\t\t\t\t\t\t\t\t\t\t<span class=\"elementor-icon-list-icon\">\n\t\t\t\t\t\t\t<svg xmlns=\"http:\/\/www.w3.org\/2000\/svg\" width=\"24\" height=\"28\" viewBox=\"0 0 24 28\"><path id=\"Polygon_21\" data-name=\"Polygon 21\" d=\"M14,0,28,24H0Z\" transform=\"translate(24) rotate(90)\"><\/path><\/svg>\t\t\t\t\t\t<\/span>\n\t\t\t\t\t\t\t\t\t\t<span class=\"elementor-icon-list-text\">das Sicherstellen von Transparenz auf dem Grundst\u00fccksmarkt in den Gutachteraussch\u00fcssen<\/span>\n\t\t\t\t\t\t\t\t\t<\/li>\n\t\t\t\t\t\t\t\t<li class=\"elementor-icon-list-item\">\n\t\t\t\t\t\t\t\t\t\t\t<span class=\"elementor-icon-list-icon\">\n\t\t\t\t\t\t\t<svg xmlns=\"http:\/\/www.w3.org\/2000\/svg\" width=\"24\" height=\"28\" viewBox=\"0 0 24 28\"><path id=\"Polygon_21\" data-name=\"Polygon 21\" d=\"M14,0,28,24H0Z\" transform=\"translate(24) rotate(90)\"><\/path><\/svg>\t\t\t\t\t\t<\/span>\n\t\t\t\t\t\t\t\t\t\t<span class=\"elementor-icon-list-text\">die Mitwirkung im Aufbau und Betrieb der amtlichen Geoinformationssysteme sowie<\/span>\n\t\t\t\t\t\t\t\t\t<\/li>\n\t\t\t\t\t\t\t\t<li class=\"elementor-icon-list-item\">\n\t\t\t\t\t\t\t\t\t\t\t<span class=\"elementor-icon-list-icon\">\n\t\t\t\t\t\t\t<svg xmlns=\"http:\/\/www.w3.org\/2000\/svg\" width=\"24\" height=\"28\" viewBox=\"0 0 24 28\"><path id=\"Polygon_21\" data-name=\"Polygon 21\" d=\"M14,0,28,24H0Z\" transform=\"translate(24) rotate(90)\"><\/path><\/svg>\t\t\t\t\t\t<\/span>\n\t\t\t\t\t\t\t\t\t\t<span class=\"elementor-icon-list-text\">die Katastervermessung, d. h. eine Vermessung von Land, die sich mit der Definition oder Neufestlegung von Grundst\u00fccksgrenzen befasst<\/span>\n\t\t\t\t\t\t\t\t\t<\/li>\n\t\t\t\t\t\t\t\t<li class=\"elementor-icon-list-item\">\n\t\t\t\t\t\t\t\t\t\t\t<span class=\"elementor-icon-list-icon\">\n\t\t\t\t\t\t\t<svg xmlns=\"http:\/\/www.w3.org\/2000\/svg\" width=\"24\" height=\"28\" viewBox=\"0 0 24 28\"><path id=\"Polygon_21\" data-name=\"Polygon 21\" d=\"M14,0,28,24H0Z\" transform=\"translate(24) rotate(90)\"><\/path><\/svg>\t\t\t\t\t\t<\/span>\n\t\t\t\t\t\t\t\t\t\t<span class=\"elementor-icon-list-text\">die M\u00f6glichkeit zum \u00d6bVI bestellt zu werden (nach 2 Jahren Berufserfahrung)<\/span>\n\t\t\t\t\t\t\t\t\t<\/li>\n\t\t\t\t\t\t\t\t<li class=\"elementor-icon-list-item\">\n\t\t\t\t\t\t\t\t\t\t<span class=\"elementor-icon-list-text\"><br><strong>Verg\u00fctung und Benefits:<\/strong><\/span>\n\t\t\t\t\t\t\t\t\t<\/li>\n\t\t\t\t\t\t\t\t<li class=\"elementor-icon-list-item\">\n\t\t\t\t\t\t\t\t\t\t\t<span class=\"elementor-icon-list-icon\">\n\t\t\t\t\t\t\t<svg xmlns=\"http:\/\/www.w3.org\/2000\/svg\" width=\"24\" height=\"28\" viewBox=\"0 0 24 28\"><path id=\"Polygon_21\" data-name=\"Polygon 21\" d=\"M14,0,28,24H0Z\" transform=\"translate(24) rotate(90)\"><\/path><\/svg>\t\t\t\t\t\t<\/span>\n\t\t\t\t\t\t\t\t\t\t<span class=\"elementor-icon-list-text\">Anw\u00e4rter:innenbez\u00fcge von rund 1.390 \u20ac pro Monat plus Sonderzulagen<\/span>\n\t\t\t\t\t\t\t\t\t<\/li>\n\t\t\t\t\t\t\t\t<li class=\"elementor-icon-list-item\">\n\t\t\t\t\t\t\t\t\t\t\t<span class=\"elementor-icon-list-icon\">\n\t\t\t\t\t\t\t<svg xmlns=\"http:\/\/www.w3.org\/2000\/svg\" width=\"24\" height=\"28\" viewBox=\"0 0 24 28\"><path id=\"Polygon_21\" data-name=\"Polygon 21\" d=\"M14,0,28,24H0Z\" transform=\"translate(24) rotate(90)\"><\/path><\/svg>\t\t\t\t\t\t<\/span>\n\t\t\t\t\t\t\t\t\t\t<span class=\"elementor-icon-list-text\">30 Tage Urlaub pro Jahr<\/span>\n\t\t\t\t\t\t\t\t\t<\/li>\n\t\t\t\t\t\t\t\t<li class=\"elementor-icon-list-item\">\n\t\t\t\t\t\t\t\t\t\t\t<span class=\"elementor-icon-list-icon\">\n\t\t\t\t\t\t\t<svg xmlns=\"http:\/\/www.w3.org\/2000\/svg\" width=\"24\" height=\"28\" viewBox=\"0 0 24 28\"><path id=\"Polygon_21\" data-name=\"Polygon 21\" d=\"M14,0,28,24H0Z\" transform=\"translate(24) rotate(90)\"><\/path><\/svg>\t\t\t\t\t\t<\/span>\n\t\t\t\t\t\t\t\t\t\t<span class=\"elementor-icon-list-text\">Einstieg in eine zukunftssichere Beamt:innenkarriere<\/span>\n\t\t\t\t\t\t\t\t\t<\/li>\n\t\t\t\t\t\t<\/ul>\n\t\t\t\t\t\t<\/div>\n\t\t\t\t<\/div>\n\t\t\t\t<\/div>\n\t\t\t\t\t<\/div>\n\t\t\t\t<\/div>\n\t\t<div class=\"elementor-element elementor-element-d8cdc3f e-flex e-con-boxed e-con e-parent\" data-id=\"d8cdc3f\" data-element_type=\"container\" data-e-type=\"container\">\n\t\t\t\t\t<div class=\"e-con-inner\">\n\t\t\t\t<div class=\"elementor-element elementor-element-f0eae14 elementor-absolute e-transform elementor-hidden-tablet elementor-hidden-mobile elementor-widget elementor-widget-image\" data-id=\"f0eae14\" data-element_type=\"widget\" data-e-type=\"widget\" data-settings=\"{&quot;_position&quot;:&quot;absolute&quot;,&quot;_transform_rotateZ_effect&quot;:{&quot;unit&quot;:&quot;px&quot;,&quot;size&quot;:50,&quot;sizes&quot;:[]},&quot;_transform_rotateZ_effect_tablet&quot;:{&quot;unit&quot;:&quot;deg&quot;,&quot;size&quot;:&quot;&quot;,&quot;sizes&quot;:[]},&quot;_transform_rotateZ_effect_mobile&quot;:{&quot;unit&quot;:&quot;deg&quot;,&quot;size&quot;:&quot;&quot;,&quot;sizes&quot;:[]}}\" data-widget_type=\"image.default\">\n\t\t\t\t<div class=\"elementor-widget-container\">\n\t\t\t\t\t\t\t\t\t\t\t\t\t\t\t<img alt=\"\" fetchpriority=\"high\" decoding=\"async\" width=\"650\" height=\"643\" src=\"https:\/\/www.geodaesie-sachsen.de\/wp-content\/uploads\/2023\/09\/hellblau-2.png\" class=\"attachment-full size-full wp-image-5289\" alt=\"\" srcset=\"https:\/\/www.geodaesie-sachsen.de\/wp-content\/uploads\/2023\/09\/hellblau-2.png 650w, https:\/\/www.geodaesie-sachsen.de\/wp-content\/uploads\/2023\/09\/hellblau-2-600x594.png 600w\" sizes=\"(max-width: 650px) 100vw, 650px\" \/>\t\t\t\t\t\t\t\t\t\t\t\t\t\t\t<\/div>\n\t\t\t\t<\/div>\n\t\t\t\t\t<\/div>\n\t\t\t\t<\/div>\n\t\t<div class=\"elementor-element elementor-element-5840c1e e-flex e-con-boxed e-con e-parent\" data-id=\"5840c1e\" data-element_type=\"container\" data-e-type=\"container\">\n\t\t\t\t\t<div class=\"e-con-inner\">\n\t\t<div class=\"elementor-element elementor-element-f5f623b e-con-full e-flex e-con e-child\" data-id=\"f5f623b\" data-element_type=\"container\" data-e-type=\"container\">\n\t\t\t\t<div class=\"elementor-element elementor-element-aeed591 elementor-widget elementor-widget-heading\" data-id=\"aeed591\" data-element_type=\"widget\" data-e-type=\"widget\" data-widget_type=\"heading.default\">\n\t\t\t\t<div class=\"elementor-widget-container\">\n\t\t\t\t\t<h5 class=\"elementor-heading-title elementor-size-default\">Beamt:innenausbildung mit bereits vorhandenem Masterabschluss.<\/h5>\t\t\t\t<\/div>\n\t\t\t\t<\/div>\n\t\t\t\t<div class=\"elementor-element elementor-element-7e564a7 elementor-widget elementor-widget-text-editor\" data-id=\"7e564a7\" data-element_type=\"widget\" data-e-type=\"widget\" data-widget_type=\"text-editor.default\">\n\t\t\t\t<div class=\"elementor-widget-container\">\n\t\t\t\t\t\t\t\t\t<div class=\"et_pb_module et_pb_text et_pb_text_0 et_pb_text_align_left et_pb_bg_layout_light\"><div class=\"et_pb_text_inner\">Hast du nach dem Masterabschluss noch Lust auf mehr? Aber sicher \u2013 mit einer Ausbildung zum\/zur Technischen Assessor:in. Auf diese Weise erlangst du die Eignung f\u00fcr die Beamt:innenlaufbahn. Anschlie\u00dfend kannst du zum Beispiel im \u00f6ffentlichen Dienst leitende Positionen \u00fcbernehmen oder dich nach einj\u00e4hriger Berufserfahrung als \u00d6ffentlich bestellte:r Vermessungsingenieur:in selbstst\u00e4ndig machen. Auch hier er\u00f6ffnet sich dir in s\u00e4mtlichen Bereichen des \u00f6ffentlichen Vermessungssektors und der Bodenverwaltung ein breites Spektrum an Karriereaussichten.<\/div><\/div>\t\t\t\t\t\t\t\t<\/div>\n\t\t\t\t<\/div>\n\t\t\t\t<div class=\"elementor-element elementor-element-04a6d9e elementor-icon-list--layout-traditional elementor-list-item-link-full_width elementor-widget elementor-widget-icon-list\" data-id=\"04a6d9e\" data-element_type=\"widget\" data-e-type=\"widget\" data-widget_type=\"icon-list.default\">\n\t\t\t\t<div class=\"elementor-widget-container\">\n\t\t\t\t\t\t\t<ul class=\"elementor-icon-list-items\">\n\t\t\t\t\t\t\t<li class=\"elementor-icon-list-item\">\n\t\t\t\t\t\t\t\t\t\t<span class=\"elementor-icon-list-text\"><strong>Typische Aufgaben sind:<\/strong><\/span>\n\t\t\t\t\t\t\t\t\t<\/li>\n\t\t\t\t\t\t\t\t<li class=\"elementor-icon-list-item\">\n\t\t\t\t\t\t\t\t\t\t\t<span class=\"elementor-icon-list-icon\">\n\t\t\t\t\t\t\t<svg xmlns=\"http:\/\/www.w3.org\/2000\/svg\" width=\"24\" height=\"28\" viewBox=\"0 0 24 28\"><path id=\"Polygon_21\" data-name=\"Polygon 21\" d=\"M14,0,28,24H0Z\" transform=\"translate(24) rotate(90)\"><\/path><\/svg>\t\t\t\t\t\t<\/span>\n\t\t\t\t\t\t\t\t\t\t<span class=\"elementor-icon-list-text\">die \u00dcbernahme von Leitungs- und F\u00fchrungspositionen<\/span>\n\t\t\t\t\t\t\t\t\t<\/li>\n\t\t\t\t\t\t\t\t<li class=\"elementor-icon-list-item\">\n\t\t\t\t\t\t\t\t\t\t\t<span class=\"elementor-icon-list-icon\">\n\t\t\t\t\t\t\t<svg xmlns=\"http:\/\/www.w3.org\/2000\/svg\" width=\"24\" height=\"28\" viewBox=\"0 0 24 28\"><path id=\"Polygon_21\" data-name=\"Polygon 21\" d=\"M14,0,28,24H0Z\" transform=\"translate(24) rotate(90)\"><\/path><\/svg>\t\t\t\t\t\t<\/span>\n\t\t\t\t\t\t\t\t\t\t<span class=\"elementor-icon-list-text\">die Erhebung, F\u00fchrung und Bereitstellung der Geobasisdaten des Liegenschaftskatasters und der Landesvermessung<\/span>\n\t\t\t\t\t\t\t\t\t<\/li>\n\t\t\t\t\t\t\t\t<li class=\"elementor-icon-list-item\">\n\t\t\t\t\t\t\t\t\t\t\t<span class=\"elementor-icon-list-icon\">\n\t\t\t\t\t\t\t<svg xmlns=\"http:\/\/www.w3.org\/2000\/svg\" width=\"24\" height=\"28\" viewBox=\"0 0 24 28\"><path id=\"Polygon_21\" data-name=\"Polygon 21\" d=\"M14,0,28,24H0Z\" transform=\"translate(24) rotate(90)\"><\/path><\/svg>\t\t\t\t\t\t<\/span>\n\t\t\t\t\t\t\t\t\t\t<span class=\"elementor-icon-list-text\">die Durchf\u00fchrung von Bodenordnungsverfahren wie Flurbereinigungen und Baulandumlegungen<\/span>\n\t\t\t\t\t\t\t\t\t<\/li>\n\t\t\t\t\t\t\t\t<li class=\"elementor-icon-list-item\">\n\t\t\t\t\t\t\t\t\t\t\t<span class=\"elementor-icon-list-icon\">\n\t\t\t\t\t\t\t<svg xmlns=\"http:\/\/www.w3.org\/2000\/svg\" width=\"24\" height=\"28\" viewBox=\"0 0 24 28\"><path id=\"Polygon_21\" data-name=\"Polygon 21\" d=\"M14,0,28,24H0Z\" transform=\"translate(24) rotate(90)\"><\/path><\/svg>\t\t\t\t\t\t<\/span>\n\t\t\t\t\t\t\t\t\t\t<span class=\"elementor-icon-list-text\">das Erarbeiten von fachspezifischen Rechts- und Verwaltungsvorschriften in den Ministerien des Landes<\/span>\n\t\t\t\t\t\t\t\t\t<\/li>\n\t\t\t\t\t\t\t\t<li class=\"elementor-icon-list-item\">\n\t\t\t\t\t\t\t\t\t\t\t<span class=\"elementor-icon-list-icon\">\n\t\t\t\t\t\t\t<svg xmlns=\"http:\/\/www.w3.org\/2000\/svg\" width=\"24\" height=\"28\" viewBox=\"0 0 24 28\"><path id=\"Polygon_21\" data-name=\"Polygon 21\" d=\"M14,0,28,24H0Z\" transform=\"translate(24) rotate(90)\"><\/path><\/svg>\t\t\t\t\t\t<\/span>\n\t\t\t\t\t\t\t\t\t\t<span class=\"elementor-icon-list-text\">das Sicherstellen von Transparenz auf dem Grundst\u00fccksmarkt in den Gutachteraussch\u00fcssen sowie<\/span>\n\t\t\t\t\t\t\t\t\t<\/li>\n\t\t\t\t\t\t\t\t<li class=\"elementor-icon-list-item\">\n\t\t\t\t\t\t\t\t\t\t\t<span class=\"elementor-icon-list-icon\">\n\t\t\t\t\t\t\t<svg xmlns=\"http:\/\/www.w3.org\/2000\/svg\" width=\"24\" height=\"28\" viewBox=\"0 0 24 28\"><path id=\"Polygon_21\" data-name=\"Polygon 21\" d=\"M14,0,28,24H0Z\" transform=\"translate(24) rotate(90)\"><\/path><\/svg>\t\t\t\t\t\t<\/span>\n\t\t\t\t\t\t\t\t\t\t<span class=\"elementor-icon-list-text\">das freiberufliche Arbeiten als \u00d6ffentlich bestellte:r Vermessungsingenieur:in<\/span>\n\t\t\t\t\t\t\t\t\t<\/li>\n\t\t\t\t\t\t\t\t<li class=\"elementor-icon-list-item\">\n\t\t\t\t\t\t\t\t\t\t<span class=\"elementor-icon-list-text\"><br><strong>Verg\u00fctung und Vorteile:<\/strong><\/span>\n\t\t\t\t\t\t\t\t\t<\/li>\n\t\t\t\t\t\t\t\t<li class=\"elementor-icon-list-item\">\n\t\t\t\t\t\t\t\t\t\t\t<span class=\"elementor-icon-list-icon\">\n\t\t\t\t\t\t\t<svg xmlns=\"http:\/\/www.w3.org\/2000\/svg\" width=\"24\" height=\"28\" viewBox=\"0 0 24 28\"><path id=\"Polygon_21\" data-name=\"Polygon 21\" d=\"M14,0,28,24H0Z\" transform=\"translate(24) rotate(90)\"><\/path><\/svg>\t\t\t\t\t\t<\/span>\n\t\t\t\t\t\t\t\t\t\t<span class=\"elementor-icon-list-text\">Grundbez\u00fcge von rund 1.600 \u20ac pro Monat plus Sonderzulagen<\/span>\n\t\t\t\t\t\t\t\t\t<\/li>\n\t\t\t\t\t\t\t\t<li class=\"elementor-icon-list-item\">\n\t\t\t\t\t\t\t\t\t\t\t<span class=\"elementor-icon-list-icon\">\n\t\t\t\t\t\t\t<svg xmlns=\"http:\/\/www.w3.org\/2000\/svg\" width=\"24\" height=\"28\" viewBox=\"0 0 24 28\"><path id=\"Polygon_21\" data-name=\"Polygon 21\" d=\"M14,0,28,24H0Z\" transform=\"translate(24) rotate(90)\"><\/path><\/svg>\t\t\t\t\t\t<\/span>\n\t\t\t\t\t\t\t\t\t\t<span class=\"elementor-icon-list-text\">30 Tage Urlaub pro Jahr<\/span>\n\t\t\t\t\t\t\t\t\t<\/li>\n\t\t\t\t\t\t\t\t<li class=\"elementor-icon-list-item\">\n\t\t\t\t\t\t\t\t\t\t\t<span class=\"elementor-icon-list-icon\">\n\t\t\t\t\t\t\t<svg xmlns=\"http:\/\/www.w3.org\/2000\/svg\" width=\"24\" height=\"28\" viewBox=\"0 0 24 28\"><path id=\"Polygon_21\" data-name=\"Polygon 21\" d=\"M14,0,28,24H0Z\" transform=\"translate(24) rotate(90)\"><\/path><\/svg>\t\t\t\t\t\t<\/span>\n\t\t\t\t\t\t\t\t\t\t<span class=\"elementor-icon-list-text\">F\u00fchrungsqualifikation inklusive wirtschaftlicher Grundlagen<\/span>\n\t\t\t\t\t\t\t\t\t<\/li>\n\t\t\t\t\t\t<\/ul>\n\t\t\t\t\t\t<\/div>\n\t\t\t\t<\/div>\n\t\t\t\t<\/div>\n\t\t\t\t\t<\/div>\n\t\t\t\t<\/div>\n\t\t<div class=\"elementor-element elementor-element-541db7b e-flex e-con-boxed e-con e-parent\" data-id=\"541db7b\" data-element_type=\"container\" data-e-type=\"container\">\n\t\t\t\t\t<div class=\"e-con-inner\">\n\t\t\t\t<div class=\"elementor-element elementor-element-2df3485 elementor-widget elementor-widget-heading\" data-id=\"2df3485\" data-element_type=\"widget\" data-e-type=\"widget\" data-widget_type=\"heading.default\">\n\t\t\t\t<div class=\"elementor-widget-container\">\n\t\t\t\t\t<h4 class=\"elementor-heading-title elementor-size-default\">Referendar Alexander<\/h4>\t\t\t\t<\/div>\n\t\t\t\t<\/div>\n\t\t\t\t<div class=\"elementor-element elementor-element-451ec91 elementor-widget elementor-widget-heading\" data-id=\"451ec91\" data-element_type=\"widget\" data-e-type=\"widget\" data-widget_type=\"heading.default\">\n\t\t\t\t<div class=\"elementor-widget-container\">\n\t\t\t\t\t<h4 class=\"elementor-heading-title elementor-size-default\">Referendar Jan-Ole<\/h4>\t\t\t\t<\/div>\n\t\t\t\t<\/div>\n\t\t\t\t<div class=\"elementor-element elementor-element-798acce elementor-widget elementor-widget-video\" data-id=\"798acce\" data-element_type=\"widget\" data-e-type=\"widget\" data-settings=\"{&quot;video_type&quot;:&quot;hosted&quot;,&quot;start&quot;:1,&quot;controls&quot;:&quot;yes&quot;}\" data-widget_type=\"video.default\">\n\t\t\t\t<div class=\"elementor-widget-container\">\n\t\t\t\t\t\t\t<div class=\"e-hosted-video elementor-wrapper elementor-open-inline\">\n\t\t\t\t\t<video class=\"elementor-video\" src=\"https:\/\/www.geodaesie-sachsen.de\/wp-content\/uploads\/2025\/12\/NWG_GeoSN_Alexander_final_web.mp4#t=1\" controls=\"\" preload=\"metadata\" controlsList=\"nodownload\"><\/video>\n\t\t\t\t<\/div>\n\t\t\t\t\t\t<\/div>\n\t\t\t\t<\/div>\n\t\t\t\t<div class=\"elementor-element elementor-element-4167575 elementor-widget elementor-widget-video\" data-id=\"4167575\" data-element_type=\"widget\" data-e-type=\"widget\" data-settings=\"{&quot;video_type&quot;:&quot;hosted&quot;,&quot;start&quot;:1,&quot;controls&quot;:&quot;yes&quot;}\" data-widget_type=\"video.default\">\n\t\t\t\t<div class=\"elementor-widget-container\">\n\t\t\t\t\t\t\t<div class=\"e-hosted-video elementor-wrapper elementor-open-inline\">\n\t\t\t\t\t<video class=\"elementor-video\" src=\"https:\/\/www.geodaesie-sachsen.de\/wp-content\/uploads\/2025\/12\/WhatsApp-Video-2025-12-15-at-15.06.27.mp4#t=1\" controls=\"\" preload=\"metadata\" controlsList=\"nodownload\"><\/video>\n\t\t\t\t<\/div>\n\t\t\t\t\t\t<\/div>\n\t\t\t\t<\/div>\n\t\t\t\t\t<\/div>\n\t\t\t\t<\/div>\n\t\t\t\t<\/div>\n\t\t","protected":false},"excerpt":{"rendered":"<p>Beamt:innen&shy;ausbildung. Die Laufbahnausbildung f\u00fcr Geod\u00e4t:innen ist dein Karrieresprungbrett: Hast du schon einen Bachelor- oder Masterabschluss und m\u00f6chtest deine Karriere auf die n\u00e4chste Stufe bringen? Mit einer Beamt:innenausbildung er\u00f6ffnest du dir nicht nur spannende berufliche M\u00f6glichkeiten, sondern auch die Chance auf eine sichere und trotzdem abwechslungsreiche Zukunft. In Sachsen bietet das GeoSN diese Laufbahnausbildung exklusiv an [&hellip;]<\/p>\n","protected":false},"author":4,"featured_media":0,"parent":0,"menu_order":17,"comment_status":"closed","ping_status":"closed","template":"","meta":{"_seopress_robots_primary_cat":"","_seopress_titles_title":"","_seopress_titles_desc":"","_seopress_robots_index":"","footnotes":""},"class_list":["post-5262","page","type-page","status-publish","hentry"],"_links":{"self":[{"href":"https:\/\/www.geodaesie-sachsen.de\/index.php?rest_route=\/wp\/v2\/pages\/5262","targetHints":{"allow":["GET"]}}],"collection":[{"href":"https:\/\/www.geodaesie-sachsen.de\/index.php?rest_route=\/wp\/v2\/pages"}],"about":[{"href":"https:\/\/www.geodaesie-sachsen.de\/index.php?rest_route=\/wp\/v2\/types\/page"}],"author":[{"embeddable":true,"href":"https:\/\/www.geodaesie-sachsen.de\/index.php?rest_route=\/wp\/v2\/users\/4"}],"replies":[{"embeddable":true,"href":"https:\/\/www.geodaesie-sachsen.de\/index.php?rest_route=%2Fwp%2Fv2%2Fcomments&post=5262"}],"version-history":[{"count":82,"href":"https:\/\/www.geodaesie-sachsen.de\/index.php?rest_route=\/wp\/v2\/pages\/5262\/revisions"}],"predecessor-version":[{"id":11693,"href":"https:\/\/www.geodaesie-sachsen.de\/index.php?rest_route=\/wp\/v2\/pages\/5262\/revisions\/11693"}],"wp:attachment":[{"href":"https:\/\/www.geodaesie-sachsen.de\/index.php?rest_route=%2Fwp%2Fv2%2Fmedia&parent=5262"}],"curies":[{"name":"wp","href":"https:\/\/api.w.org\/{rel}","templated":true}]}}